{"id":23,"date":"2016-08-27T16:43:21","date_gmt":"2016-08-27T13:43:21","guid":{"rendered":"https:\/\/serhanmuhendislik.com\/?page_id=23"},"modified":"2016-08-27T16:46:15","modified_gmt":"2016-08-27T13:46:15","slug":"kombi-sistemleri","status":"publish","type":"page","link":"https:\/\/serhanmuhendislik.com\/index.php\/kombi-sistemleri\/","title":{"rendered":"Kombi Sistemleri"},"content":{"rendered":"","protected":false},"excerpt":{"rendered":"","protected":false},"author":1,"featured_media":0,"parent":0,"menu_order":2,"comment_status":"closed","ping_status":"closed","template":"","meta":{"spay_email":""},"yoast_head":"<!-- This site is optimized with the Yoast SEO plugin v19.1 - https:\/\/yoast.com\/wordpress\/plugins\/seo\/ -->\n<title>Kombi Sistemleri - Serhan M\u00fchendislik - Malatya - Is\u0131tma ve So\u011futma Sistemleri Merkezi<\/title>\n<meta name=\"robots\" content=\"index, follow, max-snippet:-1, max-image-preview:large, max-video-preview:-1\" \/>\n<link rel=\"canonical\" href=\"https:\/\/serhanmuhendislik.com\/index.php\/kombi-sistemleri\/\" \/>\n<meta property=\"og:locale\" content=\"tr_TR\" \/>\n<meta property=\"og:type\" content=\"article\" \/>\n<meta property=\"og:title\" content=\"Kombi Sistemleri - Serhan M\u00fchendislik - Malatya - Is\u0131tma ve So\u011futma Sistemleri Merkezi\" \/>\n<meta property=\"og:url\" content=\"https:\/\/serhanmuhendislik.com\/index.php\/kombi-sistemleri\/\" \/>\n<meta property=\"og:site_name\" content=\"Serhan M\u00fchendislik - Malatya - Is\u0131tma ve So\u011futma Sistemleri Merkezi\" \/>\n<meta property=\"article:modified_time\" content=\"2016-08-27T13:46:15+00:00\" \/>\n<meta name=\"twitter:card\" content=\"summary\" \/>\n<script type=\"application\/ld+json\" class=\"yoast-schema-graph\">{\"@context\":\"https:\/\/schema.org\",\"@graph\":[{\"@type\":\"WebSite\",\"@id\":\"https:\/\/serhanmuhendislik.com\/#website\",\"url\":\"https:\/\/serhanmuhendislik.com\/\",\"name\":\"Serhan M\u00fchendislik - Malatya - Is\u0131tma ve So\u011futma Sistemleri Merkezi\",\"description\":\"Malatya - Is\u0131tma ve So\u011futma Sistemleri Merkezi\",\"potentialAction\":[{\"@type\":\"SearchAction\",\"target\":{\"@type\":\"EntryPoint\",\"urlTemplate\":\"https:\/\/serhanmuhendislik.com\/?s={search_term_string}\"},\"query-input\":\"required name=search_term_string\"}],\"inLanguage\":\"tr\"},{\"@type\":\"WebPage\",\"@id\":\"https:\/\/serhanmuhendislik.com\/index.php\/kombi-sistemleri\/#webpage\",\"url\":\"https:\/\/serhanmuhendislik.com\/index.php\/kombi-sistemleri\/\",\"name\":\"Kombi Sistemleri - Serhan M\u00fchendislik - Malatya - Is\u0131tma ve So\u011futma Sistemleri Merkezi\",\"isPartOf\":{\"@id\":\"https:\/\/serhanmuhendislik.com\/#website\"},\"datePublished\":\"2016-08-27T13:43:21+00:00\",\"dateModified\":\"2016-08-27T13:46:15+00:00\",\"breadcrumb\":{\"@id\":\"https:\/\/serhanmuhendislik.com\/index.php\/kombi-sistemleri\/#breadcrumb\"},\"inLanguage\":\"tr\",\"potentialAction\":[{\"@type\":\"ReadAction\",\"target\":[\"https:\/\/serhanmuhendislik.com\/index.php\/kombi-sistemleri\/\"]}]},{\"@type\":\"BreadcrumbList\",\"@id\":\"https:\/\/serhanmuhendislik.com\/index.php\/kombi-sistemleri\/#breadcrumb\",\"itemListElement\":[{\"@type\":\"ListItem\",\"position\":1,\"name\":\"Ana sayfa\",\"item\":\"https:\/\/serhanmuhendislik.com\/\"},{\"@type\":\"ListItem\",\"position\":2,\"name\":\"Kombi Sistemleri\"}]}]}<\/script>\n<!-- \/ Yoast SEO plugin. -->","yoast_head_json":{"title":"Kombi Sistemleri - Serhan M\u00fchendislik - Malatya - Is\u0131tma ve So\u011futma Sistemleri Merkezi","robots":{"index":"index","follow":"follow","max-snippet":"max-snippet:-1","max-image-preview":"max-image-preview:large","max-video-preview":"max-video-preview:-1"},"canonical":"https:\/\/serhanmuhendislik.com\/index.php\/kombi-sistemleri\/","og_locale":"tr_TR","og_type":"article","og_title":"Kombi Sistemleri - Serhan M\u00fchendislik - Malatya - Is\u0131tma ve So\u011futma Sistemleri Merkezi","og_url":"https:\/\/serhanmuhendislik.com\/index.php\/kombi-sistemleri\/","og_site_name":"Serhan M\u00fchendislik - Malatya - Is\u0131tma ve So\u011futma Sistemleri Merkezi","article_modified_time":"2016-08-27T13:46:15+00:00","twitter_card":"summary","schema":{"@context":"https:\/\/schema.org","@graph":[{"@type":"WebSite","@id":"https:\/\/serhanmuhendislik.com\/#website","url":"https:\/\/serhanmuhendislik.com\/","name":"Serhan M\u00fchendislik - Malatya - Is\u0131tma ve So\u011futma Sistemleri Merkezi","description":"Malatya - Is\u0131tma ve So\u011futma Sistemleri Merkezi","potentialAction":[{"@type":"SearchAction","target":{"@type":"EntryPoint","urlTemplate":"https:\/\/serhanmuhendislik.com\/?s={search_term_string}"},"query-input":"required name=search_term_string"}],"inLanguage":"tr"},{"@type":"WebPage","@id":"https:\/\/serhanmuhendislik.com\/index.php\/kombi-sistemleri\/#webpage","url":"https:\/\/serhanmuhendislik.com\/index.php\/kombi-sistemleri\/","name":"Kombi Sistemleri - Serhan M\u00fchendislik - Malatya - Is\u0131tma ve So\u011futma Sistemleri Merkezi","isPartOf":{"@id":"https:\/\/serhanmuhendislik.com\/#website"},"datePublished":"2016-08-27T13:43:21+00:00","dateModified":"2016-08-27T13:46:15+00:00","breadcrumb":{"@id":"https:\/\/serhanmuhendislik.com\/index.php\/kombi-sistemleri\/#breadcrumb"},"inLanguage":"tr","potentialAction":[{"@type":"ReadAction","target":["https:\/\/serhanmuhendislik.com\/index.php\/kombi-sistemleri\/"]}]},{"@type":"BreadcrumbList","@id":"https:\/\/serhanmuhendislik.com\/index.php\/kombi-sistemleri\/#breadcrumb","itemListElement":[{"@type":"ListItem","position":1,"name":"Ana sayfa","item":"https:\/\/serhanmuhendislik.com\/"},{"@type":"ListItem","position":2,"name":"Kombi Sistemleri"}]}]}},"jetpack_sharing_enabled":true,"jetpack_shortlink":"https:\/\/wp.me\/P7ROWu-n","jetpack-related-posts":[{"id":21,"url":"https:\/\/serhanmuhendislik.com\/index.php\/vrf-klima-sistemleri\/","url_meta":{"origin":23,"position":0},"title":"VRF Klima Sistemleri","date":"27 A\u011fustos 2016","format":false,"excerpt":"","rel":"","context":"Benzer yaz\u0131","img":{"alt_text":"","src":"","width":0,"height":0},"classes":[]},{"id":25,"url":"https:\/\/serhanmuhendislik.com\/index.php\/kat-kaloriferi-sistemleri\/","url_meta":{"origin":23,"position":1},"title":"Kat Kaloriferi Sistemleri","date":"27 A\u011fustos 2016","format":false,"excerpt":"","rel":"","context":"Benzer yaz\u0131","img":{"alt_text":"","src":"","width":0,"height":0},"classes":[]}],"_links":{"self":[{"href":"https:\/\/serhanmuhendislik.com\/index.php\/wp-json\/wp\/v2\/pages\/23"}],"collection":[{"href":"https:\/\/serhanmuhendislik.com\/index.php\/wp-json\/wp\/v2\/pages"}],"about":[{"href":"https:\/\/serhanmuhendislik.com\/index.php\/wp-json\/wp\/v2\/types\/page"}],"author":[{"embeddable":true,"href":"https:\/\/serhanmuhendislik.com\/index.php\/wp-json\/wp\/v2\/users\/1"}],"replies":[{"embeddable":true,"href":"https:\/\/serhanmuhendislik.com\/index.php\/wp-json\/wp\/v2\/comments?post=23"}],"version-history":[{"count":1,"href":"https:\/\/serhanmuhendislik.com\/index.php\/wp-json\/wp\/v2\/pages\/23\/revisions"}],"predecessor-version":[{"id":24,"href":"https:\/\/serhanmuhendislik.com\/index.php\/wp-json\/wp\/v2\/pages\/23\/revisions\/24"}],"wp:attachment":[{"href":"https:\/\/serhanmuhendislik.com\/index.php\/wp-json\/wp\/v2\/media?parent=23"}],"curies":[{"name":"wp","href":"https:\/\/api.w.org\/{rel}","templated":true}]}}